 composite?
False
Is 2066676397 a composite number?
False
Is 144500995243 a composite number?
True
Is 13633682782 a composite number?
True
Is 912292567 a prime number?
False
Is 8482718819 prime?
True
Is 17847614581 composite?
True
Is 3385278241 composite?
True
Is 2676301403 prime?
True
Is 3350719207 a prime number?
False
Is 306257753 prime?
True
Is 29597831 prime?
False
Is 7788759283 composite?
False
Is 1209020851 a composite number?
True
Is 123962219 a composite number?
False
Is 1616707591 a prime number?
True
Is 1413460667 composite?
True
Is 4138055227 a prime number?
True
Is 1375511363 prime?
True
Is 3482958421 prime?
False
Is 347680607 a prime number?
True
Is 152363248937 prime?
False
Is 7827690799 a composite number?
False
Is 1531675286 a composite number?
True
Is 8830249061 prime?
False
Is 95058600773 a prime number?
True
Is 1867061789 a prime number?
False
Is 8468899573 composite?
True
Is 404705479 a prime number?
True
Is 750586727 composite?
True
Is 35893597295 a prime number?
False
Is 3542402749 prime?
True
Is 390642107 a composite number?
False
Is 3103997891 composite?
False
Is 177268871651 a composite number?
False
Is 23909228443 composite?
False
Is 9024214237 a prime number?
False
Is 347400467 a prime number?
True
Is 2185591829 composite?
False
Is 1247326403 a prime number?
False
Is 4449660703 a composite number?
False
Is 4721196127 composite?
True
Is 39400032827 a composite number?
True
Is 79760564197 composite?
False
Is 149043773 a composite number?
False
Is 5170815379 prime?
False
Is 5864681969 a composite number?
False
Is 2514687913 a prime number?
False
Is 1177386103 prime?
True
Is 65212186309 a prime number?
False
Is 256000271 prime?
False
Is 1772150269 prime?
True
Is 32717884213 a composite number?
True
Is 6951464246 composite?
True
Is 47899391 a prime number?
True
Is 700078193 a composite number?
True
Is 1624583833 a composite number?
False
Is 7223679847 a composite number?
False
Is 21717727565 composite?
True
Is 3930841883 composite?
False
Is 71282958511 a composite number?
True
Is 4066512041 prime?
False
Is 3223432699 composite?
True
Is 3929915963 composite?
False
Is 26716890881 prime?
False
Is 2648895391 prime?
True
Is 61130381449 a prime number?
True
Is 47416192013 a prime number?
False
Is 6364654097 a prime number?
True
Is 92558767027 composite?
False
Is 6771310003 a prime number?
False
Is 728871023 composite?
True
Is 212420141 prime?
True
Is 949463797 a prime number?
False
Is 463865160203 a composite number?
False
Is 14548086551 a composite number?
False
Is 4577486029 prime?
False
Is 587635519 a composite number?
False
Is 838422467 composite?
False
Is 1049899127 a composite number?
False
Is 1187625821 composite?
False
Is 46970003593 composite?
True
Is 35489590543 prime?
False
Is 1534284827 a prime number?
False
Is 17750186449 composite?
True
Is 229721719 a composite number?
False
Is 1520378869 a prime number?
True
Is 76812779249 prime?
False
Is 17686930201 a composite number?
False
Is 86324261 a prime number?
True
Is 87388376857 prime?
True
Is 7532634773 composite?
False
Is 302947751 composite?
True
Is 2258393443 a prime number?
True
Is 8677238749 composite?
False
Is 13779019391 a composite number?
True
Is 55347546971 a composite number?
True
Is 177576439 a composite number?
True
Is 5664803843 prime?
True
Is 8048079551 prime?
True
Is 16663115669 prime?
False
Is 48022463 a composite number?
True
Is 3288992767 prime?
True
Is 749554489 prime?
True
Is 15085342303 a composite number?
True
Is 3821805667 composite?
False
Is 131512819 prime?
False
Is 8543966153 a composite number?
False
Is 68806601 a composite number?
False
Is 5164518391 prime?
True
Is 11535815177 a composite number?
True
Is 23472439181 a prime number?
True
Is 51354348335 prime?
False
Is 953477279 a composite number?
False
Is 9708420409 a composite number?
False
Is 5106567463 a composite number?
True
Is 83108518897 composite?
True
Is 39193277609 composite?
False
Is 220705909 a composite number?
True
Is 30610351693 a prime number?
False
Is 42820792103 prime?
False
Is 4655892251 a composite number?
True
Is 3914132603 prime?
True
Is 848849803 a composite number?
False
Is 654381341 prime?
True
Is 1153778497 prime?
True
Is 1128230921 composite?
False
Is 10122341479 a prime number?
True
Is 1299669871 a composite number?
False
Is 393177611 composite?
True
Is 1149020437 a prime number?
False
Is 6015965177 a prime number?
True
Is 176794738 prime?
False
Is 34339200887 a prime number?
True
Is 601389353 composite?
True
Is 160439891 a prime number?
True
Is 1054973807 prime?
False
Is 6932056283 a composite number?
False
Is 9351062923 prime?
True
Is 58085133037 a composite number?
True
Is 20243437411 a composite number?
False
Is 57524394839 prime?
True
Is 100983679 a prime number?
True
Is 47982279851 a composite number?
True
Is 132705402311 a prime number?
True
Is 2346704039 prime?
False
Is 233407146163 a composite number?
False
Is 3010443349 a composite number?
False
Is 6800843507 a prime number?
False
Is 62332473837 prime?
False
Is 314682880313 prime?
True
Is 428818333 a composite number?
True
Is 11667969493 a prime number?
True
Is 71427138929 a prime number?
False
Is 9819197623 a composite number?
False
Is 2009383489 a prime number?
True
Is 7612656671 prime?
True
Is 20963084497 composite?
False
Is 79449534139 prime?
True
Is 3715839163 a prime number?
True
Is 6507678979 composite?
True
Is 48419661909 composite?
True
Is 96162065 prime?
False
Is 2595243853 a composite number?
False
Is 4516084894 a composite number?
True
Is 22394288815 prime?
False
Is 357302009 a prime number?
False
Is 2188211777 a composite number?
False
Is 75143513717 a prime number?
True
Is 16341897041 composite?
True
Is 347512519669 a prime number?
False
Is 9932627847 prime?
False
Is 2916055733 composite?
True
Is 11967931117 composite?
True
Is 659592607 a prime number?
False
Is 2882443549 prime?
True
Is 186376987 composite?
True
Is 22274510129 composite?
False
Is 217537563 a composite number?
True
Is 4679492549 a composite number?
False
Is 1919245073 a composite number?
True
Is 1748434621 prime?
False
Is 1718408579 composite?
True
Is 2761163621 a composite number?
False
Is 127592328373 prime?
True
Is 1644080819 a composite number?
True
Is 3656897317 prime?
True
Is 27739674383 a composite number?
False
Is 10316057593 a prime number?
True
Is 1098961727 a composite number?
True
Is 2430215063 composite?
True
Is 11194215421 a prime number?
False
Is 2167839647 prime?
False
Is 54588926969 composite?
False
Is 136820249 prime?
True
Is 528599249 a prime number?
False
Is 172543037 composite?
True
Is 40628771 composite?
False
Is 40627965965 composite?
True
Is 2065402117 prime?
False
Is 1337074597 composite?
False
Is 3655695629 a prime number?
False
Is 59131068757 a composite number?
False
Is 2982444299 a prime number?
False
Is 451784303 a composite number?
False
Is 22946354351 composite?
False
Is 915618961 composite?
True
Is 1362881521 a composite number?
False
Is 589124521 prime?
False
Is 9992279315 composite?
True
Is 799590589 composite?
True
Is 63073553 composite?
True
Is 134769889255 composite?
True
Is 3216345161 a prime number?
True
Is 2287547759 prime?
False
Is 27830609 a composite number?
False
Is 1982716531 a prime number?
False
Is 22146500179 a composite number?
True
Is 80189612683 a composite number?
True
Is 2014997273 prime?
False
Is 895705691 composite?
False
Is 416759857 composite?
True
Is 6791845307 composite?
True
Is 9653250527 prime?
False
Is 15793597349 a composite number?
True
Is 1084277081 a prime number?
True
Is 253747463 a prime number?
False
Is 136278655 a composite number?
True
Is 204914453 prime?
True
Is 4912245193 a composite number?
False
Is 8338396783 composite?
True
Is 1512911593 prime?
True
Is 737253989 a prime number?
False
Is 78972722093 a composite number?
True
Is 3745298743 composite?
False
Is 109876919 composite?
False
Is 1279132006 a prime number?
False
Is 8842879937 a composite number?
True
Is 18666512951 a prime number?
False
Is 65262794 a prime number?
False
Is 23241948451 composite?
True
Is 1567533517 a composite number?
True
Is 245680697305 a prime number?
False
Is 2602679657 a prime number?
True
Is 8268689209 prime?
False
Is 3681214891 a composite number?
True
Is 1103199